{"id":19,"date":"2023-04-03T21:05:00","date_gmt":"2023-04-03T21:05:00","guid":{"rendered":"https:\/\/construtorasanpaoli.com.br\/index.php\/easy-customizable\/"},"modified":"2023-04-05T22:15:06","modified_gmt":"2023-04-05T22:15:06","slug":"produtos-customizados","status":"publish","type":"page","link":"https:\/\/construtorasanpaoli.com.br\/index.php\/produtos-customizados\/","title":{"rendered":"Produtos Customizados"},"content":{"rendered":"<p>Softwares e Metodologias comercializados com fontes e documenta\u00e7\u00f5es originais, criados e customizados pela pr\u00f3pria empresa em mais de 28 anos de atua\u00e7\u00e3o no mercado nacional.<\/p>\n","protected":false},"excerpt":{"rendered":"<p>Softwares e Metodologias comercializados com fontes e documenta\u00e7\u00f5es originais, criados e customizados pela pr\u00f3pria empresa em mais de 28 anos de atua\u00e7\u00e3o no mercado nacional.<\/p>\n","protected":false},"author":1,"featured_media":0,"parent":0,"menu_order":0,"comment_status":"closed","ping_status":"closed","template":"","meta":[],"_links":{"self":[{"href":"https:\/\/construtorasanpaoli.com.br\/index.php\/wp-json\/wp\/v2\/pages\/19"}],"collection":[{"href":"https:\/\/construtorasanpaoli.com.br\/index.php\/wp-json\/wp\/v2\/pages"}],"about":[{"href":"https:\/\/construtorasanpaoli.com.br\/index.php\/wp-json\/wp\/v2\/types\/page"}],"author":[{"embeddable":true,"href":"https:\/\/construtorasanpaoli.com.br\/index.php\/wp-json\/wp\/v2\/users\/1"}],"replies":[{"embeddable":true,"href":"https:\/\/construtorasanpaoli.com.br\/index.php\/wp-json\/wp\/v2\/comments?post=19"}],"version-history":[{"count":2,"href":"https:\/\/construtorasanpaoli.com.br\/index.php\/wp-json\/wp\/v2\/pages\/19\/revisions"}],"predecessor-version":[{"id":94,"href":"https:\/\/construtorasanpaoli.com.br\/index.php\/wp-json\/wp\/v2\/pages\/19\/revisions\/94"}],"wp:attachment":[{"href":"https:\/\/construtorasanpaoli.com.br\/index.php\/wp-json\/wp\/v2\/media?parent=19"}],"curies":[{"name":"wp","href":"https:\/\/api.w.org\/{rel}","templated":true}]}}